vided by 26?
24
Suppose 60*b + z = 57*b + 169, b + 5*z = 33. What is the remainder when b is divided by 47?
11
Let y = 28 - 20. What is the remainder when ((-1534)/65 - -16)/((-2)/10) is divided by y?
6
Let j = 130 - 67. Suppose j*c - 68*c + 80 = 0. What is the remainder when c is divided by 5?
1
Let n(z) = -78*z - 154. Calculate the remainder when n(-11) is divided by 47.
46
Suppose -29*x - 48 = -35*x. Let j = 155 + -63. What is the remainder when 1/3 + j/3 is divided by x?
7
Let a(p) = -13*p + 9. Suppose 3*l + 37 = q, -q = -l - 3*q - 17. Calculate the remainder when a(l) is divided by 45.
43
Let x = 2 + 1. Let n(g) = -g**3 - 6*g**2 + 3. Let b be (-1 + 0)/(1/6). Calculate the remainder when x is divided by n(b).
0
Let s(j) = -j**3 + 8*j**2 + 8*j - 6. Let q be s(9). Let v = q - -12. Calculate the remainder when 22 is divided by v/(-6) - 44/(-8).
4
Suppose -5*i + 2*q = 15, 0 = -5*i + 6*i + 4*q - 19. What is the remainder when (3 - i) + 7 + 18 is divided by 16?
13
Suppose 4 - 9 = -z. Suppose -4 = 5*u + 6. Calculate the remainder when z is divided by 4 - u/8*-4.
2
What is the remainder when 674 is divided by 108/(-8)*(-2 + 0)?
26
Let c = 26 - 21. Suppose f = 2*h + 10, c*f - h = 4*h + 45. Calculate the remainder when 29 is divided by f.
5
Let f(i) = 2*i**2 + 7*i + 3. Suppose 5*s - y = -2*y - 34, -2*y = -s - 9. What is the remainder when f(s) is divided by 11?
8
Let s = -18 + 20. Suppose 842 = 3*p - s*f, p + 5*f + 836 = 4*p. Suppose -d - 5*d + p = 0. What is the remainder when d is divided by 24?
23
Suppose 781 = -31*l - 1606. Let g(r) = -4*r**2 + 3*r - 5. Let s be g(6). Let u = l - s. Calculate the remainder when u is divided by 19.
16
Suppose -14*f - 296 = -6792. Calculate the remainder when f is divided by 13.
9
What is the remainder when (-5)/2 - 11916/(-72) is divided by 24?
19
Calculate the remainder when 71 is divided by (102/21)/(2/7).
3
Suppose 6 = 5*u - 2*o - 169, 131 = 3*u + 4*o. Suppose -y + u = -0*h - 5*h, 2*y + 3*h = 22. What is the remainder when 31 is divided by y?
14
Let i = -3352 - -3397. Let l = -15 + 34. Calculate the remainder when i is divided by l.
7
Suppose 285 = 3*w + 63. Let v(r) = 15*r - 8*r - 4 - 5. Calculate the remainder when w is divided by v(4).
17
Let a(m) = m**2 + m - 3. Suppose 3*y - 4*y + 10 = 0. Calculate the remainder when a(6) is divided by y.
9
Suppose 13 - 30 = -b. What is the remainder when (-151)/(-5) - 30/25 is divided by b?
12
Let u = 92 + -19. Suppose 39 = s - 4*h, 5*s + 36 - 356 = -5*h. Suppose 5*g - m - 78 = 2*m, 4*g + m - s = 0. Calculate the remainder when u is divided by g.
13
Let p = 6 + 0. Suppose -3*f = p*f - 72. Calculate the remainder when 30 is divided by f.
6
Let l(f) = f**3 + f**2 - 9. Calculate the remainder when 76 is divided by l(3).
22
Let b(t) = 6*t - 37. Let j be b(7). Suppose -3*y = -j*p + 34, 6*p - 2*y - 21 = 3*p. What is the remainder when 18 is divided by p?
3
Let r = 96 + -82. Calculate the remainder when 29 is divided by r.
1
Let d = 4 - -1. Let t(j) = j**3 - 17*j**2 + 59*j + 14. Calculate the remainder when d is divided by t(12).
1
Let v(k) = -k**2 - 11*k + 46. What is the remainder when 78 is divided by v(-14)?
2
Suppose -24*j = a - 19*j - 63, -5*j - 285 = -5*a. Calculate the remainder when 173 is divided by a.
57
Let h = -6 + 29. Calculate the remainder when h is divided by 9.
5
Suppose -7*h - 3*d = -4*h - 1479, 0 = 4*h + 5*d - 1974. Calculate the remainder when h is divided by 11.
7
Let l = -246 + 269. What is the remainder when l is divided by 4?
3
Let q = 1586 - 930. Calculate the remainder when q is divided by 30.
26
Let n be 0/2 + -4 + -20. Let a = n - -39. Let s(l) = 2*l**2 + 2*l - 2. What is the remainder when s(-6) is divided by a?
13
Suppose 0 = -h - d + 13, 5*h = d + 71. What is the remainder when 32 is divided by h?
4
Suppose -3*z + 42*o + 489 = 45*o, -5*o = 2*z - 326. What is the remainder when z is divided by 25?
13
Let w = -10 + 9. Let l(m) = 8*m**3 - 2*m**2 - m. Let x be l(w). Let r(f) = -2*f - 9. Calculate the remainder when 26 is divided by r(x).
8
Let g(w) = -w**2 - 38*w - 93. What is the remainder when 297 is divided by g(-35)?
9
Suppose 86*w - 89*w - 3*g = -45, 0 = -2*w + g + 51. Let u = 85 - 42. What is the remainder when u is divided by w?
21
Suppose -7*a - 2632 = -15*a. What is the remainder when a is divided by 10?
9
Suppose 0 = -71*l + 66*l + 35. Suppose 65 + 12 = l*f. Calculate the remainder when 54 is divided by f.
10
Let f be (8/14)/(-2) + (-11200)/(-98). Suppose 0 = -8*s + f + 94. What is the remainder when 48 is divided by s?
22
Suppose -3*b - 4 = -w, -w + 4*b = w - 8. Suppose w*h - 5*i + 33 = 1, 0 = -4*h - 3*i. Calculate the remainder when 42 is divided by 28 + 6/h + -4.
20
Suppose -6*q + 119 = q. Let y be 11 + 6 + (-2)/2. Let s = 26 - y. What is the remainder when q is divided by s?
7
Let i = 74 - -106. Suppose -316 - i = -5*t + 3*b, 3*t - 286 = -4*b. Let c = -54 + t. Calculate the remainder when c is divided by 23.
21
Let x be -2 + 26 + 4 + 3. Calculate the remainder when 61 is divided by 3/((-15)/x)*-5.
30
Suppose 5*p - p - 376 = -5*l, -p + 2*l = -94. Suppose 2*q = -4*k + 86, 2*k + 3*k - 5*q = 145. Calculate the remainder when p is divided by k.
22
Suppose -3*w - h = -70, 5*w + h = 6*w - 26. Suppose -2*l - w = -5*l. Suppose -z + 23 = l. Calculate the remainder when 73 is divided by z.
13
Let l(z) = -4*z - 10. Let k = 30 - 22. Suppose 2*h = 6*v - 2*v, -4*v - k = 0. What is the remainder when 23 is divided by l(h)?
5
Suppose 98*m - 88*m - 210 = 0. What is the remainder when 272 is divided by m?
20
Suppose 2*z + 164 - 274 = 0. What is the remainder when z is divided by (-2)/(-11) - 912/(-66)?
13
Let i(y) = -y**2 - 12*y + 2. Let b be 112/48*((0 - 1) + -2). What is the remainder when 144 is divided by i(b)?
33
Let b(q) = -q**3 - q**2 + 2. Suppose 0 = 2*a - 2*j - 16, -2*a - 1 = 4*j + 7. What is the remainder when b(-3) is divided by a?
0
Let i be (-2 - -2 - 0) + -8. Let h(m) = m**3 + 8*m**2 - 5*m - 3. Let c be h(i). Let l = 68 - c. What is the remainder when l is divided by 17?
14
What is the remainder when 860 is divided by 4 - -27 - (11 - 2 - 2)?
20
Suppose -111 = 4*v - 1739. Suppose -v = -9*p + 25. Let m(f) = -f**3 + f**2 + 17. What is the remainder when p is divided by m(0)?
14
Calculate the remainder when 14 is divided by 6*(-6)/24*(-28)/6.
0
Let f = 4379 + -4354. Suppose -496 = -2*a - 2*a. What is the remainder when a is divided by f?
24
Let o = 192 - 169. What is the remainder when 44 is divided by o?
21
Let a(g) = -44*g - 263. Let d = 3 + 9. Calculate the remainder when a(-7) is divided by d.
9
Suppose 587 + 3794 = 13*f. What is the remainder when f is divided by 26?
25
Suppose -2*j - 15 = -43. Suppose 0 - j = -2*h. Suppose 5*a - 11 = -2*q, h*q + 3*a - 43 = 3*q. What is the remainder when q is divided by 8?
5
Let d be (-89 - 3/1) + 1. Let a be (-52)/(-14) + (-26)/d. Suppose -a*o + 18 = 2, o = -3*z + 19. What is the remainder when 6 is divided by z?
1
Suppose -2*u - 3*u = -30. Suppose 0 = -2*b - 3*n + 28, -u*n = 4*b - n - 54. Calculate the remainder when 19 is divided by b.
8
Let h be 2/(-8) + 5/4 - -114. Let g = h - 106. What is the remainder when g is divided by 7?
2
Suppose 0 = 50*i - 53*i. Calculate the remainder when 137 is divided by -14*(-2 + i/(-3)).
25
Suppose 3*p = -140 + 26. Suppose 4*f + 3*a - a - 290 = 0, -154 = -2*f - 4*a. Let h = p + f. Calculate the remainder when h is divided by 6.
3
Suppose 6*f - 1190 = -326. Calculate the remainder when f is divided by 32.
16
Suppose -434*k + 359 = -432*k + 5*q, -2*q + 344 = 2*k. Calculate the remainder when 496 is divided by k.
162
Let f(n) = -n**3 + 11*n**2 - 13. Calculate the remainder when f(6) is divided by 19.
15
Let b = 28 + -163. Let p be ((-2)/(-5))/((-9)/b). Suppose 3 - p = -u. Calculate the remainder when 6 is divided by u.
0
Suppose 4*c - 5*c + 33 = 4*l, 32 = c + 5*l. Calculate the remainder when c is divided by 21.
16
Let b = 51 + -32. Let d(c) = -c**3 - 22*c**2 + 23*c + 29. Let i be d(-23). Suppose 6*j - i = 37. What is the remainder when b is divided by j?
8
Suppose -k - 1076 = -3*s, 1294 + 466 = 5*s + 5*k. Calculate the remainder when s is divided by 90.
87
What is the remainder when 66 is divided by (-234)/390 + (-23)/(-5)?
2
Let v(y) = -y**2 + 8*y + 65. Let x be v(13